{"id":619,"date":"2017-10-22T17:33:03","date_gmt":"2017-10-22T16:33:03","guid":{"rendered":"https:\/\/www.cometmedias.com\/grandprix\/?page_id=619"},"modified":"2017-10-22T17:33:03","modified_gmt":"2017-10-22T16:33:03","slug":"le-palmares-2017","status":"publish","type":"page","link":"https:\/\/www.cometmedias.com\/grandprix\/le-palmares-2017\/","title":{"rendered":"Le Palmares 2017"},"content":{"rendered":"<h1>LES SHORTLIST\u00c9S<\/h1>\n<div class=\"gdlr-shortcode-wrapper\"><div class=\"portfolio-item-wrapper type-classic-portfolio\"  data-ajax=\"https:\/\/www.cometmedias.com\/grandprix\/wp-admin\/admin-ajax.php\" ><div class=\"portfolio-item-holder  gdlr-portfolio-column-3\"><div class=\"gdlr-isotope\" data-type=\"portfolio\" data-layout=\"fitRows\" ><div class=\"clear\"><\/div><div class=\"four columns\"><div class=\"gdlr-item gdlr-portfolio-item gdlr-classic-portfolio\"><div class=\"gdlr-ux gdlr-classic-portfolio-ux\"><div class=\"portfolio-thumbnail gdlr-image\"><img src=\"https:\/\/www.cometmedias.com\/grandprix\/wp-content\/uploads\/2017\/09\/tan.png\" alt=\"\" width=\"260\" height=\"260\" \/><span class=\"portfolio-overlay\" >&nbsp;<\/span><div class=\"portfolio-overlay-content\"><a class=\"portfolio-overlay-wrapper\"  href=\"https:\/\/www.cometmedias.com\/grandprix\/portfolio\/tan-the-links\/\"  ><span class=\"portfolio-icon\" ><i class=\"fa fa-link\" ><\/i><\/span><\/a><\/div><\/div><h3 class=\"portfolio-title\"><a  href=\"https:\/\/www.cometmedias.com\/grandprix\/portfolio\/tan-the-links\/\"  >TAN | The Links<\/a><\/h3><div class=\"portfolio-excerpt\">La communication auparavant tr\u00e8s orient\u00e9e sur l\u2019offre et la communaut\u00e9 bascule vers une communication beaucoup plus empathique. \u00c9labor\u00e9e autour des... <div class=\"clear\"><\/div><a href=\"https:\/\/www.cometmedias.com\/grandprix\/portfolio\/tan-the-links\/\" class=\"gdlr-info-font excerpt-read-more\">Read More<\/a><\/div><\/div><\/div><\/div><div class=\"four columns\"><div class=\"gdlr-item gdlr-portfolio-item gdlr-classic-portfolio\"><div class=\"gdlr-ux gdlr-classic-portfolio-ux\"><div class=\"portfolio-thumbnail gdlr-image\"><img src=\"https:\/\/www.cometmedias.com\/grandprix\/wp-content\/uploads\/2017\/09\/logocougnaud.png\" alt=\"\" width=\"260\" height=\"260\" \/><span class=\"portfolio-overlay\" >&nbsp;<\/span><div class=\"portfolio-overlay-content\"><a class=\"portfolio-overlay-wrapper\"  href=\"https:\/\/www.cometmedias.com\/grandprix\/portfolio\/cougnaud-eluere\/\"  ><span class=\"portfolio-icon\" ><i class=\"fa fa-link\" ><\/i><\/span><\/a><\/div><\/div><h3 class=\"portfolio-title\"><a  href=\"https:\/\/www.cometmedias.com\/grandprix\/portfolio\/cougnaud-eluere\/\"  >Cougnaud | Eluere<\/a><\/h3><div class=\"portfolio-excerpt\">Au fil des ans, l\u2019entreprise familiale Cougnaud a \u00e9tabli sa l\u00e9gitimit\u00e9 sur son m\u00e9tier de b\u00e2tisseur\u00a0de solutions modulaires. Comment aider... <div class=\"clear\"><\/div><a href=\"https:\/\/www.cometmedias.com\/grandprix\/portfolio\/cougnaud-eluere\/\" class=\"gdlr-info-font excerpt-read-more\">Read More<\/a><\/div><\/div><\/div><\/div><div class=\"four columns\"><div class=\"gdlr-item gdlr-portfolio-item gdlr-classic-portfolio\"><div class=\"gdlr-ux gdlr-classic-portfolio-ux\"><div class=\"portfolio-thumbnail gdlr-image\"><img src=\"https:\/\/www.cometmedias.com\/grandprix\/wp-content\/uploads\/2017\/10\/ojimgen.png\" alt=\"\" width=\"260\" height=\"260\" \/><span class=\"portfolio-overlay\" >&nbsp;<\/span><div class=\"portfolio-overlay-content\"><a class=\"portfolio-overlay-wrapper\"  href=\"https:\/\/www.cometmedias.com\/grandprix\/portfolio\/oji-par-mgen-the-links\/\"  ><span class=\"portfolio-icon\" ><i class=\"fa fa-link\" ><\/i><\/span><\/a><\/div><\/div><h3 class=\"portfolio-title\"><a  href=\"https:\/\/www.cometmedias.com\/grandprix\/portfolio\/oji-par-mgen-the-links\/\"  >Oj\u00ee par MGEN | The Links<\/a><\/h3><div class=\"portfolio-excerpt\">Avec sa nouvelle marque jeunes \u00d4JI, MGEN propose une relation entre les jeunes et la sant\u00e9 qui va au-del\u00e0 des... <div class=\"clear\"><\/div><a href=\"https:\/\/www.cometmedias.com\/grandprix\/portfolio\/oji-par-mgen-the-links\/\" class=\"gdlr-info-font excerpt-read-more\">Read More<\/a><\/div><\/div><\/div><\/div><\/div><div class=\"clear\"><\/div><\/div><div class=\"gdlr-pagination\"><span aria-current=\"page\" class=\"page-numbers current\">1<\/span>\n<a class=\"page-numbers\" href=\"https:\/\/www.cometmedias.com\/grandprix\/wp-json\/wp\/v2\/pages\/619\/page\/2\/\">2<\/a>\n<a class=\"page-numbers\" href=\"https:\/\/www.cometmedias.com\/grandprix\/wp-json\/wp\/v2\/pages\/619\/page\/3\/\">3<\/a>\n<span class=\"page-numbers dots\">\u2026<\/span>\n<a class=\"page-numbers\" href=\"https:\/\/www.cometmedias.com\/grandprix\/wp-json\/wp\/v2\/pages\/619\/page\/6\/\">6<\/a>\n<a class=\"next page-numbers\" href=\"https:\/\/www.cometmedias.com\/grandprix\/wp-json\/wp\/v2\/pages\/619\/page\/2\/\">Next &rsaquo;<\/a><\/div><\/div><\/div>\n<h1>LES LAUR\u00c9ATS<\/h1>\n<div class=\"gdlr-shortcode-wrapper\"><div class=\"portfolio-item-wrapper type-classic-portfolio\"  data-ajax=\"https:\/\/www.cometmedias.com\/grandprix\/wp-admin\/admin-ajax.php\" ><div class=\"portfolio-item-holder  gdlr-portfolio-column-4\"><div class=\"gdlr-isotope\" data-type=\"portfolio\" data-layout=\"fitRows\" ><\/div><div class=\"clear\"><\/div><\/div><\/div><\/div>\n","protected":false},"excerpt":{"rendered":"<p>LES SHORTLIST\u00c9S LES LAUR\u00c9ATS<\/p>\n","protected":false},"author":7,"featured_media":0,"parent":0,"menu_order":0,"comment_status":"closed","ping_status":"closed","template":"","meta":[],"_links":{"self":[{"href":"https:\/\/www.cometmedias.com\/grandprix\/wp-json\/wp\/v2\/pages\/619"}],"collection":[{"href":"https:\/\/www.cometmedias.com\/grandprix\/wp-json\/wp\/v2\/pages"}],"about":[{"href":"https:\/\/www.cometmedias.com\/grandprix\/wp-json\/wp\/v2\/types\/page"}],"author":[{"embeddable":true,"href":"https:\/\/www.cometmedias.com\/grandprix\/wp-json\/wp\/v2\/users\/7"}],"replies":[{"embeddable":true,"href":"https:\/\/www.cometmedias.com\/grandprix\/wp-json\/wp\/v2\/comments?post=619"}],"version-history":[{"count":1,"href":"https:\/\/www.cometmedias.com\/grandprix\/wp-json\/wp\/v2\/pages\/619\/revisions"}],"predecessor-version":[{"id":620,"href":"https:\/\/www.cometmedias.com\/grandprix\/wp-json\/wp\/v2\/pages\/619\/revisions\/620"}],"wp:attachment":[{"href":"https:\/\/www.cometmedias.com\/grandprix\/wp-json\/wp\/v2\/media?parent=619"}],"curies":[{"name":"wp","href":"https:\/\/api.w.org\/{rel}","templated":true}]}}