{"id":945,"date":"2018-11-07T17:49:38","date_gmt":"2018-11-07T16:49:38","guid":{"rendered":"https:\/\/www.cometmedias.com\/grandprix\/?page_id=945"},"modified":"2018-11-07T17:52:33","modified_gmt":"2018-11-07T16:52:33","slug":"le-palmares-2018","status":"publish","type":"page","link":"https:\/\/www.cometmedias.com\/grandprix\/le-palmares-2018\/","title":{"rendered":"Le Palmares 2018"},"content":{"rendered":"<h1>LES SHORTLIST\u00c9S<\/h1>\n<div class=\"gdlr-shortcode-wrapper\"><div class=\"portfolio-item-wrapper type-classic-portfolio\"  data-ajax=\"https:\/\/www.cometmedias.com\/grandprix\/wp-admin\/admin-ajax.php\" ><div class=\"portfolio-item-holder  gdlr-portfolio-column-3\"><div class=\"gdlr-isotope\" data-type=\"portfolio\" data-layout=\"fitRows\" ><div class=\"clear\"><\/div><div class=\"four columns\"><div class=\"gdlr-item gdlr-portfolio-item gdlr-classic-portfolio\"><div class=\"gdlr-ux gdlr-classic-portfolio-ux\"><div class=\"portfolio-thumbnail gdlr-image\"><img src=\"https:\/\/www.cometmedias.com\/grandprix\/wp-content\/uploads\/2018\/07\/vendee.png\" alt=\"\" width=\"180\" height=\"207\" \/><span class=\"portfolio-overlay\" >&nbsp;<\/span><div class=\"portfolio-overlay-content\"><a class=\"portfolio-overlay-wrapper\"  href=\"https:\/\/www.cometmedias.com\/grandprix\/portfolio\/conseil-departemental-de-vendee-amp-interactive\/\"  ><span class=\"portfolio-icon\" ><i class=\"fa fa-link\" ><\/i><\/span><\/a><\/div><\/div><h3 class=\"portfolio-title\"><a  href=\"https:\/\/www.cometmedias.com\/grandprix\/portfolio\/conseil-departemental-de-vendee-amp-interactive\/\"  >Conseil D\u00e9partemental De Vend\u00e9e | Amp Interactive<\/a><\/h3><div class=\"portfolio-excerpt\">La PMI Vend\u00e9e, appuy\u00e9e par le d\u00e9partement, cherchait \u00e0 alerter les jeunes parents sur la signification des pleurs des nourrissons,... <div class=\"clear\"><\/div><a href=\"https:\/\/www.cometmedias.com\/grandprix\/portfolio\/conseil-departemental-de-vendee-amp-interactive\/\" class=\"gdlr-info-font excerpt-read-more\">Read More<\/a><\/div><\/div><\/div><\/div><div class=\"four columns\"><div class=\"gdlr-item gdlr-portfolio-item gdlr-classic-portfolio\"><div class=\"gdlr-ux gdlr-classic-portfolio-ux\"><div class=\"portfolio-thumbnail gdlr-image\"><img src=\"https:\/\/www.cometmedias.com\/grandprix\/wp-content\/uploads\/2018\/07\/manitou.png\" alt=\"\" width=\"180\" height=\"206\" \/><span class=\"portfolio-overlay\" >&nbsp;<\/span><div class=\"portfolio-overlay-content\"><a class=\"portfolio-overlay-wrapper\"  href=\"https:\/\/www.cometmedias.com\/grandprix\/portfolio\/manitou-amp-interactive\/\"  ><span class=\"portfolio-icon\" ><i class=\"fa fa-link\" ><\/i><\/span><\/a><\/div><\/div><h3 class=\"portfolio-title\"><a  href=\"https:\/\/www.cometmedias.com\/grandprix\/portfolio\/manitou-amp-interactive\/\"  >Manitou | Amp Interactive<\/a><\/h3><div class=\"portfolio-excerpt\">Lancement mondial du nouveau MRT : Organiser l\u2019avant-pr\u00e9sentation (support vid\u00e9o, enregistrement, diffusion, interactions) Th\u00e9\u00e2traliser la pr\u00e9sentation et les machines Organiser... <div class=\"clear\"><\/div><a href=\"https:\/\/www.cometmedias.com\/grandprix\/portfolio\/manitou-amp-interactive\/\" class=\"gdlr-info-font excerpt-read-more\">Read More<\/a><\/div><\/div><\/div><\/div><div class=\"four columns\"><div class=\"gdlr-item gdlr-portfolio-item gdlr-classic-portfolio\"><div class=\"gdlr-ux gdlr-classic-portfolio-ux\"><div class=\"portfolio-thumbnail gdlr-image\"><img src=\"https:\/\/www.cometmedias.com\/grandprix\/wp-content\/uploads\/2018\/07\/maroc.png\" alt=\"\" width=\"180\" height=\"206\" \/><span class=\"portfolio-overlay\" >&nbsp;<\/span><div class=\"portfolio-overlay-content\"><a class=\"portfolio-overlay-wrapper\"  href=\"https:\/\/www.cometmedias.com\/grandprix\/portfolio\/maroc-in-motion-anacrouse\/\"  ><span class=\"portfolio-icon\" ><i class=\"fa fa-link\" ><\/i><\/span><\/a><\/div><\/div><h3 class=\"portfolio-title\"><a  href=\"https:\/\/www.cometmedias.com\/grandprix\/portfolio\/maroc-in-motion-anacrouse\/\"  >Maroc In Motion | Anacrouse<\/a><\/h3><div class=\"portfolio-excerpt\">Une campagne 100% digitale pour L\u2019ONMT avec\u00a0\u00bbMaroc In Motion\u00a0\u00bb dont l\u2019objectif est la valorisation de la richesse du pays. Cette... <div class=\"clear\"><\/div><a href=\"https:\/\/www.cometmedias.com\/grandprix\/portfolio\/maroc-in-motion-anacrouse\/\" class=\"gdlr-info-font excerpt-read-more\">Read More<\/a><\/div><\/div><\/div><\/div><\/div><div class=\"clear\"><\/div><\/div><div class=\"gdlr-pagination\"><span aria-current=\"page\" class=\"page-numbers current\">1<\/span>\n<a class=\"page-numbers\" href=\"https:\/\/www.cometmedias.com\/grandprix\/wp-json\/wp\/v2\/pages\/945\/page\/2\/\">2<\/a>\n<a class=\"page-numbers\" href=\"https:\/\/www.cometmedias.com\/grandprix\/wp-json\/wp\/v2\/pages\/945\/page\/3\/\">3<\/a>\n<span class=\"page-numbers dots\">\u2026<\/span>\n<a class=\"page-numbers\" href=\"https:\/\/www.cometmedias.com\/grandprix\/wp-json\/wp\/v2\/pages\/945\/page\/8\/\">8<\/a>\n<a class=\"next page-numbers\" href=\"https:\/\/www.cometmedias.com\/grandprix\/wp-json\/wp\/v2\/pages\/945\/page\/2\/\">Next &rsaquo;<\/a><\/div><\/div><\/div>\n<h1>LES LAUR\u00c9ATS<\/h1>\n<div class=\"gdlr-shortcode-wrapper\"><div class=\"portfolio-item-wrapper type-classic-portfolio\"  data-ajax=\"https:\/\/www.cometmedias.com\/grandprix\/wp-admin\/admin-ajax.php\" ><div class=\"portfolio-item-holder  gdlr-portfolio-column-4\"><div class=\"gdlr-isotope\" data-type=\"portfolio\" data-layout=\"fitRows\" ><div class=\"clear\"><\/div><div class=\"three columns\"><div class=\"gdlr-item gdlr-portfolio-item gdlr-classic-portfolio\"><div class=\"gdlr-ux gdlr-classic-portfolio-ux\"><div class=\"portfolio-thumbnail gdlr-image\"><img src=\"https:\/\/www.cometmedias.com\/grandprix\/wp-content\/uploads\/2018\/07\/vendee.png\" alt=\"\" width=\"180\" height=\"207\" \/><span class=\"portfolio-overlay\" >&nbsp;<\/span><div class=\"portfolio-overlay-content\"><a class=\"portfolio-overlay-wrapper\"  href=\"https:\/\/www.cometmedias.com\/grandprix\/portfolio\/conseil-departemental-de-vendee-amp-interactive\/\"  ><span class=\"portfolio-icon\" ><i class=\"fa fa-link\" ><\/i><\/span><\/a><\/div><\/div><h3 class=\"portfolio-title\"><a  href=\"https:\/\/www.cometmedias.com\/grandprix\/portfolio\/conseil-departemental-de-vendee-amp-interactive\/\"  >Conseil D\u00e9partemental De Vend\u00e9e | Amp Interactive<\/a><\/h3><div class=\"portfolio-excerpt\">La PMI Vend\u00e9e, appuy\u00e9e par le d\u00e9partement, cherchait \u00e0 alerter les jeunes parents sur la signification des pleurs des nourrissons,... <div class=\"clear\"><\/div><a href=\"https:\/\/www.cometmedias.com\/grandprix\/portfolio\/conseil-departemental-de-vendee-amp-interactive\/\" class=\"gdlr-info-font excerpt-read-more\">Read More<\/a><\/div><\/div><\/div><\/div><div class=\"three columns\"><div class=\"gdlr-item gdlr-portfolio-item gdlr-classic-portfolio\"><div class=\"gdlr-ux gdlr-classic-portfolio-ux\"><div class=\"portfolio-thumbnail gdlr-image\"><img src=\"https:\/\/www.cometmedias.com\/grandprix\/wp-content\/uploads\/2018\/07\/manitou.png\" alt=\"\" width=\"180\" height=\"206\" \/><span class=\"portfolio-overlay\" >&nbsp;<\/span><div class=\"portfolio-overlay-content\"><a class=\"portfolio-overlay-wrapper\"  href=\"https:\/\/www.cometmedias.com\/grandprix\/portfolio\/manitou-amp-interactive\/\"  ><span class=\"portfolio-icon\" ><i class=\"fa fa-link\" ><\/i><\/span><\/a><\/div><\/div><h3 class=\"portfolio-title\"><a  href=\"https:\/\/www.cometmedias.com\/grandprix\/portfolio\/manitou-amp-interactive\/\"  >Manitou | Amp Interactive<\/a><\/h3><div class=\"portfolio-excerpt\">Lancement mondial du nouveau MRT : Organiser l\u2019avant-pr\u00e9sentation (support vid\u00e9o, enregistrement, diffusion, interactions) Th\u00e9\u00e2traliser la pr\u00e9sentation et les machines Organiser... <div class=\"clear\"><\/div><a href=\"https:\/\/www.cometmedias.com\/grandprix\/portfolio\/manitou-amp-interactive\/\" class=\"gdlr-info-font excerpt-read-more\">Read More<\/a><\/div><\/div><\/div><\/div><div class=\"three columns\"><div class=\"gdlr-item gdlr-portfolio-item gdlr-classic-portfolio\"><div class=\"gdlr-ux gdlr-classic-portfolio-ux\"><div class=\"portfolio-thumbnail gdlr-image\"><img src=\"https:\/\/www.cometmedias.com\/grandprix\/wp-content\/uploads\/2018\/07\/maroc.png\" alt=\"\" width=\"180\" height=\"206\" \/><span class=\"portfolio-overlay\" >&nbsp;<\/span><div class=\"portfolio-overlay-content\"><a class=\"portfolio-overlay-wrapper\"  href=\"https:\/\/www.cometmedias.com\/grandprix\/portfolio\/maroc-in-motion-anacrouse\/\"  ><span class=\"portfolio-icon\" ><i class=\"fa fa-link\" ><\/i><\/span><\/a><\/div><\/div><h3 class=\"portfolio-title\"><a  href=\"https:\/\/www.cometmedias.com\/grandprix\/portfolio\/maroc-in-motion-anacrouse\/\"  >Maroc In Motion | Anacrouse<\/a><\/h3><div class=\"portfolio-excerpt\">Une campagne 100% digitale pour L\u2019ONMT avec\u00a0\u00bbMaroc In Motion\u00a0\u00bb dont l\u2019objectif est la valorisation de la richesse du pays. Cette... <div class=\"clear\"><\/div><a href=\"https:\/\/www.cometmedias.com\/grandprix\/portfolio\/maroc-in-motion-anacrouse\/\" class=\"gdlr-info-font excerpt-read-more\">Read More<\/a><\/div><\/div><\/div><\/div><div class=\"three columns\"><div class=\"gdlr-item gdlr-portfolio-item gdlr-classic-portfolio\"><div class=\"gdlr-ux gdlr-classic-portfolio-ux\"><div class=\"portfolio-thumbnail gdlr-image\"><img src=\"https:\/\/www.cometmedias.com\/grandprix\/wp-content\/uploads\/2018\/07\/aeroport.png\" alt=\"\" width=\"179\" height=\"203\" \/><span class=\"portfolio-overlay\" >&nbsp;<\/span><div class=\"portfolio-overlay-content\"><a class=\"portfolio-overlay-wrapper\"  href=\"https:\/\/www.cometmedias.com\/grandprix\/portfolio\/aeroport-nantes-atlantique-digital-garden\/\"  ><span class=\"portfolio-icon\" ><i class=\"fa fa-link\" ><\/i><\/span><\/a><\/div><\/div><h3 class=\"portfolio-title\"><a  href=\"https:\/\/www.cometmedias.com\/grandprix\/portfolio\/aeroport-nantes-atlantique-digital-garden\/\"  >A\u00e9roport Nantes Atlantique | Digital Garden<\/a><\/h3><div class=\"portfolio-excerpt\">Comment inciter les voyageurs \u00e0 partir au d\u00e9part de Nantes ? Comment faire d\u00e9couvrir la largeur de l\u2019offre destination au... <div class=\"clear\"><\/div><a href=\"https:\/\/www.cometmedias.com\/grandprix\/portfolio\/aeroport-nantes-atlantique-digital-garden\/\" class=\"gdlr-info-font excerpt-read-more\">Read More<\/a><\/div><\/div><\/div><\/div><\/div><div class=\"clear\"><\/div><\/div><div class=\"gdlr-pagination\"><span aria-current=\"page\" class=\"page-numbers current\">1<\/span>\n<a class=\"page-numbers\" href=\"https:\/\/www.cometmedias.com\/grandprix\/wp-json\/wp\/v2\/pages\/945\/page\/2\/\">2<\/a>\n<a class=\"next page-numbers\" href=\"https:\/\/www.cometmedias.com\/grandprix\/wp-json\/wp\/v2\/pages\/945\/page\/2\/\">Next &rsaquo;<\/a><\/div><\/div><\/div>\n","protected":false},"excerpt":{"rendered":"<p>LES SHORTLIST\u00c9S LES LAUR\u00c9ATS<\/p>\n","protected":false},"author":1,"featured_media":0,"parent":0,"menu_order":0,"comment_status":"closed","ping_status":"closed","template":"","meta":[],"_links":{"self":[{"href":"https:\/\/www.cometmedias.com\/grandprix\/wp-json\/wp\/v2\/pages\/945"}],"collection":[{"href":"https:\/\/www.cometmedias.com\/grandprix\/wp-json\/wp\/v2\/pages"}],"about":[{"href":"https:\/\/www.cometmedias.com\/grandprix\/wp-json\/wp\/v2\/types\/page"}],"author":[{"embeddable":true,"href":"https:\/\/www.cometmedias.com\/grandprix\/wp-json\/wp\/v2\/users\/1"}],"replies":[{"embeddable":true,"href":"https:\/\/www.cometmedias.com\/grandprix\/wp-json\/wp\/v2\/comments?post=945"}],"version-history":[{"count":4,"href":"https:\/\/www.cometmedias.com\/grandprix\/wp-json\/wp\/v2\/pages\/945\/revisions"}],"predecessor-version":[{"id":949,"href":"https:\/\/www.cometmedias.com\/grandprix\/wp-json\/wp\/v2\/pages\/945\/revisions\/949"}],"wp:attachment":[{"href":"https:\/\/www.cometmedias.com\/grandprix\/wp-json\/wp\/v2\/media?parent=945"}],"curies":[{"name":"wp","href":"https:\/\/api.w.org\/{rel}","templated":true}]}}